{"id":556,"date":"2020-05-26T09:50:56","date_gmt":"2020-05-26T07:50:56","guid":{"rendered":"https:\/\/www.hotelgradara.com\/direttamente-sul-mare\/"},"modified":"2020-12-07T17:19:55","modified_gmt":"2020-12-07T16:19:55","slug":"direkt-am-meer","status":"publish","type":"page","link":"https:\/\/www.hotelgradara.com\/de\/direkt-am-meer\/","title":{"rendered":"Direkt am Meer"},"content":{"rendered":"<h2>Unsere Terrasse erwartet Sie mit einem atemberaubenden Blick \u00fcber die Meer.<\/h2>\n<p>Unsere Terrasse erwartet Sie mit einem atemberaubenden Blick \u00fcber die Meer.<\/p>\n<p>Die Terrasse ist mit drei wundersch\u00f6nen Whirlpools, bequemen Sofas, Tischen und Relaxzone ausgestattet, damit Sie in Ruhe und Stille den wunderbaren Meeresblick geniessen k\u00f6nnen.<\/p>\n","protected":false},"excerpt":{"rendered":"<p>Unsere Terrasse erwartet Sie mit einem atemberaubenden Blick \u00fcber die Meer. Unsere Terrasse erwartet Sie mit einem atemberaubenden Blick \u00fcber die Meer. Die Terrasse ist mit drei wundersch\u00f6nen Whirlpools, bequemen Sofas, Tischen und Relaxzone ausgestattet, damit Sie in Ruhe und Stille den wunderbaren Meeresblick geniessen k\u00f6nnen.<\/p>\n","protected":false},"author":1,"featured_media":860,"parent":0,"menu_order":6,"comment_status":"closed","ping_status":"closed","template":"","meta":{"_acf_changed":false},"class_list":["post-556","page","type-page","status-publish","has-post-thumbnail","hentry"],"acf":[],"_links":{"self":[{"href":"https:\/\/www.hotelgradara.com\/de\/wp-json\/wp\/v2\/pages\/556","targetHints":{"allow":["GET"]}}],"collection":[{"href":"https:\/\/www.hotelgradara.com\/de\/wp-json\/wp\/v2\/pages"}],"about":[{"href":"https:\/\/www.hotelgradara.com\/de\/wp-json\/wp\/v2\/types\/page"}],"author":[{"embeddable":true,"href":"https:\/\/www.hotelgradara.com\/de\/wp-json\/wp\/v2\/users\/1"}],"replies":[{"embeddable":true,"href":"https:\/\/www.hotelgradara.com\/de\/wp-json\/wp\/v2\/comments?post=556"}],"version-history":[{"count":0,"href":"https:\/\/www.hotelgradara.com\/de\/wp-json\/wp\/v2\/pages\/556\/revisions"}],"wp:featuredmedia":[{"embeddable":true,"href":"https:\/\/www.hotelgradara.com\/de\/wp-json\/wp\/v2\/media\/860"}],"wp:attachment":[{"href":"https:\/\/www.hotelgradara.com\/de\/wp-json\/wp\/v2\/media?parent=556"}],"curies":[{"name":"wp","href":"https:\/\/api.w.org\/{rel}","templated":true}]}}

<h2>Unsere Terrasse erwartet Sie mit einem atemberaubenden Blick über die Meer.</h2>
<p>Unsere Terrasse erwartet Sie mit einem atemberaubenden Blick über die Meer.</p>
<p>Die Terrasse ist mit drei wunderschönen Whirlpools, bequemen Sofas, Tischen und Relaxzone ausgestattet, damit Sie in Ruhe und Stille den wunderbaren Meeresblick geniessen können.</p>

<p>Unsere Terrasse erwartet Sie mit einem atemberaubenden Blick über die Meer. Unsere Terrasse erwartet Sie mit einem atemberaubenden Blick über die Meer. Die Terrasse ist mit drei wunderschönen Whirlpools, bequemen Sofas, Tischen und Relaxzone ausgestattet, damit Sie in Ruhe und Stille den wunderbaren Meeresblick geniessen können.</p>
